{"id":138,"date":"2025-05-10T22:42:47","date_gmt":"2025-05-10T19:42:47","guid":{"rendered":"https:\/\/tatyana-sarasa.com\/education\/?post_type=product&#038;p=138"},"modified":"2025-07-19T18:04:33","modified_gmt":"2025-07-19T15:04:33","slug":"ki-videos-erstellen","status":"publish","type":"product","link":"https:\/\/tatyana-sarasa.com\/education\/product\/ki-videos-erstellen\/","title":{"rendered":"KI-Videos erstellen"},"content":{"rendered":"<p><strong>Kursinhalt:\u00a0<\/strong><\/p>\n<ul class=\"wp-block-list\">\n<li>Grundlagen der Bildanimation und Einf\u00fchrung in KI-gest\u00fctzte Kreativtools<\/li>\n<li>Hands-on-Erfahrung mit verschiedenen KI-Animationstools<\/li>\n<li>Storyboard-Entwicklung f\u00fcr Ihren eigenen Animations-Clip<\/li>\n<li>Schritt-f\u00fcr-Schritt-Anleitung zur Nutzung von CapCut f\u00fcr die Videomontage<\/li>\n<li>Erstellung eines pers\u00f6nlichen Animationsprojekts mit 5-6 Szenen<\/li>\n<\/ul>\n<p class=\"wp-block-heading\"><strong>F\u00fcr wen ist dieser Kurs geeignet?<\/strong><\/p>\n<ul class=\"wp-block-list\">\n<li>Kreative aller Art: K\u00fcnstler, Designer, Fotografen<\/li>\n<li>Social-Media-Enthusiasten, die ihre Inhalte aufpeppen m\u00f6chten<\/li>\n<li>Lehrer und Dozenten, die interaktive Lehrmaterialien erstellen m\u00f6chten<\/li>\n<li>Alle, die ihre digitalen F\u00e4higkeiten erweitern und in die Welt der Animation eintauchen m\u00f6chten<\/li>\n<\/ul>\n<p><strong>Voraussetzungen:<\/strong><\/p>\n<ul>\n<li>Grundlegende Computer &#8211; Kenntnisse<\/li>\n<li>Viele der Anwendungen sind nur \u00fcber eine Anmeldung mit Google- , Microsoft-, Discord- oder Apple-Konto erreichbar. Deswegen pr\u00fcfen Sie vor dem Kurs, ob Sie Ihre Anmeldedaten f\u00fcr ein dieser Konten parat haben. Google &#8211; Konto w\u00e4re am einfachsten im Kurs zu nutzen.<\/li>\n<li>Es empfielt sich der Kurs vom PC zu machen (nicht vom Handy oder Tablet), 2. Bildschirm w\u00e4re ideal ist aber keine Voraussetzung.<\/li>\n<li>Am 3. Kurstag arbeiten wir mit CapCut (kostenlos verf\u00fcgbar), dieses Programm soll bis dahin auf dem PC oder Handy installiert werden (genaueres im Kurs)<\/li>\n<\/ul>\n","protected":false},"excerpt":{"rendered":"<p>Entdecken Sie die faszinierende Welt der Bildanimation! In diesem dreit\u00e4gigen Intensivkurs lernen Sie, wie Sie mit Hilfe von k\u00fcnstlicher Intelligenz (KI) und der benutzerfreundlichen Video-Editing-App CapCut statische Bilder in atemberaubende Animationen verwandeln k\u00f6nnen.<\/p>\n<p><strong>Sammeltermine in 2025:<\/strong><\/p>\n<p>28.10.2025 \/ 04.11.2025 \/ 11.11.2025 &#8211; jeweils von 18:00 bis 21:00<\/p>\n","protected":false},"featured_media":628,"comment_status":"open","ping_status":"closed","template":"","meta":[],"product_cat":[16],"product_tag":[44],"class_list":["post-138","product","type-product","status-publish","has-post-thumbnail","hentry","product_cat-kurs","product_tag-ki-video"],"_links":{"self":[{"href":"https:\/\/tatyana-sarasa.com\/education\/wp-json\/wp\/v2\/product\/138","targetHints":{"allow":["GET"]}}],"collection":[{"href":"https:\/\/tatyana-sarasa.com\/education\/wp-json\/wp\/v2\/product"}],"about":[{"href":"https:\/\/tatyana-sarasa.com\/education\/wp-json\/wp\/v2\/types\/product"}],"replies":[{"embeddable":true,"href":"https:\/\/tatyana-sarasa.com\/education\/wp-json\/wp\/v2\/comments?post=138"}],"wp:featuredmedia":[{"embeddable":true,"href":"https:\/\/tatyana-sarasa.com\/education\/wp-json\/wp\/v2\/media\/628"}],"wp:attachment":[{"href":"https:\/\/tatyana-sarasa.com\/education\/wp-json\/wp\/v2\/media?parent=138"}],"wp:term":[{"taxonomy":"product_cat","embeddable":true,"href":"https:\/\/tatyana-sarasa.com\/education\/wp-json\/wp\/v2\/product_cat?post=138"},{"taxonomy":"product_tag","embeddable":true,"href":"https:\/\/tatyana-sarasa.com\/education\/wp-json\/wp\/v2\/product_tag?post=138"}],"curies":[{"name":"wp","href":"https:\/\/api.w.org\/{rel}","templated":true}]}}